 16*w - 461. Give j(29).
3
Let q(n) = n**2 - 41*n + 296. What is q(9)?
8
Let v(h) = -14*h + 26. Give v(-5).
96
Let a(k) = -11*k**2 + 51*k - 12. Determine a(8).
-308
Let v(w) = 18*w**2 + 77*w + 13. Give v(-4).
-7
Let w(a) = 98*a - 2651. What is w(27)?
-5
Let h(w) = w**2 - 12*w - 212. Give h(22).
8
Let t(d) = 80*d - 3457. What is t(43)?
-17
Let j(g) = g**3 + 143*g**2 - 270*g + 2906. Determine j(-145).
6
Let o(b) = -52*b - 3333. Calculate o(-64).
-5
Let a(v) = -v**2 - 9*v + 79. Determine a(12).
-173
Let p(w) = -72*w**3 + 2*w**2 - 1. Give p(1).
-71
Let u(t) = -2*t**2 + 10*t + 68. Give u(11).
-64
Let g(p) = 2*p**2 - 35*p - 12. What is g(18)?
6
Let g(d) = 840*d - 16783. Calculate g(20).
17
Let m(o) = -27*o**2 + 110*o - 4. What is m(4)?
4
Let o(r) = -9*r**2 + 100*r + 108. Calculate o(-1).
-1
Let b(z) = -614*z - 114. Calculate b(0).
-114
Let u(z) = -6*z + 295. Determine u(46).
19
Let g(v) = -3*v**3 - 9*v**2 + 209*v - 4. Determine g(-10).
6
Let r(v) = 7*v**2 + 45*v + 43. What is r(-1)?
5
Let b(v) = -2*v**3 + v + 52. Give b(0).
52
Let z(c) = 71*c - 115. What is z(2)?
27
Let j(g) = -13*g + 204. Calculate j(14).
22
Let v(z) = 12*z**2 - 49*z - 3. What is v(7)?
242
Let r(k) = -371*k + 27121. Calculate r(73).
38
Let r(s) = -s**2 - 141*s - 4257. What is r(-44)?
11
Let n(p) = 2*p**2 - 12*p + 20. Calculate n(4).
4
Let q(x) = x**3 - 9*x**2 - 31*x + 80. Give q(2).
-10
Let z(h) = -16*h + 942. Calculate z(58).
14
Let s(q) = -2855*q - 99925. Calculate s(-35).
0
Let i(p) = -p**3 - 66*p**2 - 241*p + 390. Give i(-62).
-44
Let l(q) = -3*q**3 + 227*q**2 + 83*q - 545. What is l(76)?
-13
Let d(f) = 168*f + 10084. What is d(-60)?
4
Let p(b) = b**3 + 16*b**2 + 70*b + 1057. What is p(-15)?
232
Let w(d) = d**3 - 28*d**2 - 29*d - 6. Calculate w(29).
-6
Let h(k) = 72*k + 13817. Give h(-192).
-7
Let t(k) = -2*k**2 - 50*k + 184. Give t(-29).
-48
Let n(b) = -b**3 + 27*b**2 - 128*b + 161. What is n(2)?
5
Let f(p) = 6953*p - 229451. Calculate f(33).
-2
Let h(d) = -d**3 - 72*d**2 + 64*d - 655. Calculate h(-73).
2
Let i(s) = 96*s + 841. What is i(-9)?
-23
Let g(f) = -2*f**3 - 94*f**2 - 491*f + 27. Calculate g(-41).
-14
Let v(l) = -l**3 + 2*l**2 + 59*l - 126. Calculate v(2).
-8
Let b(r) = -2*r**3 + 21*r**2 + 17*r - 23. Give b(11).
43
Let x(q) = 257*q**2 + 2556*q - 144. Calculate x(-10).
-4
Let p(g) = -g**2 - 113*g - 3102. What is p(-48)?
18
Let u(r) = -15*r - 115. Give u(7).
-220
Let x(o) = 1112*o + 5557. What is x(-5)?
-3
Let v(k) = 10*k + 285. Determine v(-46).
-175
Let i(m) = 2*m**2 + 59*m - 316. Give i(-34).
-10
Let k(o) = -o**2 - 18*o - 26. Calculate k(-18).
-26
Let s(r) = r**3 - 6*r**2 + 51*r - 232. Calculate s(5).
-2
Let u(t) = 55*t**2 - 462*t - 305. What is u(9)?
-8
Let k(t) = t**3 + 9*t**2 - 33*t - 2. Determine k(-11).
119
Let v(l) = 2*l**3 - 298*l**2 - 1230*l - 15. Calculate v(-4).
9
Let x(a) = -3*a**2 - 168*a - 1373. Determine x(-10).
7
Let k(h) = -35*h**2 + 2*h - 9. Give k(-3).
-330
Let x(s) = 11*s**2 - 46*s - 126. Calculate x(6).
-6
Let q(x) = -3*x**3 + x**2 - 51*x - 9. What is q(0)?
-9
Let p(i) = -i**2 + 125*i - 2491. Give p(100).
9
Let x(q) = -1317*q + 27621. Give x(21).
-36
Let w(m) = -17*m**2 + 68*m - 7. Determine w(4).
-7
Let u(h) = -209*h**2 + 2301*h - 25. Give u(11).
-3
Let g(o) = 3*o**3 - 56*o**2 - 142*o + 2346. What is g(19)?
9
Let x(o) = -o**2 + 42*o - 34. What is x(42)?
-34
Let f(w) = 94*w + 2036. Calculate f(-22).
-32
Let d(r) = -4*r**2 - 41*r + 19. Determine d(0).
19
Let t(j) = 2*j**2 - 84*j + 459. What is t(36)?
27
Let f(w) = 50*w - 1213. Calculate f(24).
-13
Let j(p) = -p**3 + 14*p**2 - 59*p + 10. What is j(6)?
-56
Let x(n) = n**2 + 22*n + 10. Calculate x(-10).
-110
Let n(u) = 8*u**2 - 249*u - 2512. Determine n(-8).
-8
Let j(u) = -53*u + 331. What is j(5)?
66
Let v(c) = 7*c**3 + 145*c**2 + 100*c - 1. Give v(-20).
-1
Let y(g) = 27*g**2 + 113*g + 23. Determine y(-4).
3
Let h(z) = -z**2 + 47*z + 449. What is h(55)?
9
Let p(i) = -94*i + 43. Give p(4).
-333
Let h(q) = -q**3 - 17*q**2 + 53*q - 56. Give h(-20).
84
Let d(f) = f**3 - 24*f**2 - 108*f + 57. What is d(28)?
169
Let p(u) = 117*u + 342. Give p(-3).
-9
Let k(w) = -w**3 - 26*w**2 - 19*w + 114. Give k(-25).
-36
Let y(d) = -1210*d - 27803. Give y(-23).
27
Let d(f) = 2*f - 48. What is d(-70)?
-188
Let q(k) = -3*k**3 + 9*k**2 - 13*k - 10. Give q(3).
-49
Let n(h) = -2*h**3 - 21*h**2 + 4*h - 24. Calculate n(-11).
53
Let f(p) = -44*p + 1562. Determine f(35).
22
Let d(f) = -5*f**3 + 19*f**2 - 19*f + 1. Give d(2).
-1
Let i(z) = -675*z - 16. Give i(0).
-16
Let q(m) = 195*m**3 + 5*m**2 - 2. Calculate q(1).
198
Let s(x) = 74*x + 2208. Determine s(-31).
-86
Let p(u) = -10*u**2 + 91*u - 262. What is p(3)?
-79
Let a(x) = 2*x**2 - 48*x + 152. What is a(3)?
26
Let a(u) = 27*u + 969. Calculate a(-36).
-3
Let r(k) = -k**3 - 11*k**2 - 24*k + 13. Give r(-4).
-3
Let y(i) = -11*i**2 + 134*i - 351. Give y(8).
17
Let w(g) = -g**2 + 200*g - 5330. Give w(32).
46
Let m(l) = 169*l - 2918. Determine m(18).
124
Let r(a) = -684*a - 2054. What is r(-3)?
-2
Let l(t) = -t**2 - 29*t + 3. Determine l(-18).
201
Let i(c) = -7*c**3 - 19*c**2 + 7*c - 3. Determine i(-3).
-6
Let z(b) = -b**3 - 13*b**2 - 10*b - 4. Give z(-9).
-238
Let g(y) = -83*y - 177. What is g(-4)?
155
Let x(u) = -u**2 + 14*u - 29. Give x(15).
-44
Let y(n) = 33*n + 129. Give y(-4).
-3
Let r(y) = -8*y - 227. What is r(-24)?
-35
Let p(n) = n**3 - 303*n**2 - 625*n + 4582. What is p(305)?
7
Let i(q) = -2*q**2 - 67*q - 302. Give i(-28).
6
Let r(p) = -138*p - 33. Give r(0).
-33
Let s(q) = -q**2 + 66*q + 2611. Determine s(-29).
-144
Let l(b) = 651*b - 19. Calculate l(1).
632
Let x(o) = -135*o - 3829. Determine x(-28).
-49
Let g(o) = -12*o**2 + 13*o + 53. Determine g(-4).
-191
Let t(s) = s**2 + 1111*s + 9914. Give t(-9).
-4
Let h(z) = z**3 - 4*z**2 - 46*z - 56. Give h(-7).
-273
Let i(h) = 22*h**2 + 49*h - 11. What is i(-3)?
40
Let b(n) = -435*n + 839. What is b(2)?
-31
Let y(p) = p**3 + 8*p**2 - 24*p - 24. Give y(-10).
16
Let n(b) = -1287*b - 64351. Give n(-50).
-1
Let v(n) = n**2 + 88*n + 1536. Give v(-58).
-204
Let t(y) = -14*y + 202. Determine t(17).
-36
Let p(m) = -m**3 + 19*m**2 + 121*m - 6. Determine p(24).
18
Let i(a) = -a**3 + a**2 + 46*a + 1. Give i(6).
97
Let u(s) = s**2 + 161*s - 995. Determine u(6).
7
Let f(h) = -4*h**2 - 172*h + 984. Give f(-48).
24
Let z(v) = v**2 + 280*v + 1915. Give z(-7).
4
Let l(v) = -433*v - 880. Give l(-2).
-14
Let a(k) = -20*k**2 - 32*k + 150. Give a(4).
-298
Let q(z) = 5*z**2 - 8*z + 28. Determine q(4).
76
Let q(s) = -163*s**2 - 3*s - 4. What is q(-1)?
-164
Let j(x) = 7*x**2 + 22*x - 56. Determine j(-6).
64
Let r(x) = -x**3 - 26*x**2 + 69*x + 12. Give r(-28).
-352
Let p(d) = 129*d - 10575. Calculate p(82).
3
Let l(d) = -2*d**3 - 367*d**2 + 1311*d + 372. Give l(-187).
-2
Let x(h) = -158*h + 1900. Determine x(12).
4
Let v(s) = -s**2 + 17*s - 10. Give v(4).
42
Let g(q) = 1999*q**2 - 1992*q - 1. Calculate g(1).
6
Let w(s) = 6*s**3 - 16*s**2 - 14*s + 20. Calculate w(3).
-4
Let v(s) = 20*s**2 - 499*s - 33. Determine v(25).
-8
Let b(l) = l**2 - 166*l + 3595. Give b(26).
-45
Let s(i) = -119*i**2 + 16*i + 15. Give s(-1).
-120
Let m(w) = w**2 + 90*w - 438. What is m(5)?
37
Let i(b) = -5*b - 4. Give i(2).
-14
Let x(o) = -3*o**2 - 93*o + 6924. What is x(35)?
-6
Let m(p) = 65*p + 2215. Give m(-34).
5
Let k(o) = 38*o - 690. Give k(17).
-44
Let p(u) = -u**3 - 14*u**2 - 48*u - 11. Calculate p(-4).
21
Let a(x) = -2*x - 10. Determine a(-4).
-2
Let o(r) = 73*r**2 - 1468*r + 160. Calculate o(20).
0
Let a(c) = -152*c + 1113. Calculate a(7).
49
Let v(u) = 13*u**3 + 86*u**2 + 20*u - 24. Give v(-5).
401
Let i(s) = -2*s - 20. Calculate i(-9).
-2
Let b(h) = -513*h**3 + 3*h**2 - 4*h - 7. Calculate b(-1).
513
Let p(g) = -147*g - 34. Give p(0).
-34
Let z(f) = f**3 + 29*f**2 + 95*f - 123. Give z(-25).
2
Let t(i) = 63*i - 868. Determine t(15).
77
Let i(m) = -336*m + 56109. Determine i(167).
-3
Let j(c) = -3*c**2 + 23*c - 54. What is j(5)?
-14
Let g(k) = -410*k + 1. Give g(0).
1
Let x(z) = 22*z + 8. Give x(-4).
-80
Let p(x) = 258*x - 2582. What is p(10)?
-2
Let c(v) = 9*v**3 + 4*v**2 - 74*v - 79. Calculate c(-1).
-10
Let y(u) = -3*u**2 - 46*u - 202. Give y(-7).
-27
Let b(m) = -55*m + 1870. What is b(34)?
0
Let z(v) = 6*v**3 - 33*v**2 + 57*v + 16. Calculate z(2).
46
Let m(h) = 4